{"id":30,"date":"2021-10-28T09:51:25","date_gmt":"2021-10-28T09:51:25","guid":{"rendered":"http:\/\/wordpress.kirroyal-gernsheim.de\/?page_id=30"},"modified":"2024-07-01T10:08:04","modified_gmt":"2024-07-01T10:08:04","slug":"chor-chorleiterin","status":"publish","type":"page","link":"https:\/\/kirroyal-gernsheim.de\/?page_id=30","title":{"rendered":"Chor &#038; Chorleiterin"},"content":{"rendered":"<div class=\"wp-block-image is-style-default\">\n<figure class=\"alignright size-full is-resized\"><img loading=\"lazy\" decoding=\"async\" width=\"709\" height=\"519\" src=\"https:\/\/kirroyal-gernsheim.de\/wp-content\/uploads\/2024\/07\/KR-Logo_auf_weiss_9_Aug_2022-6cmt.jpg\" alt=\"\" class=\"wp-image-1554\" style=\"width:357px;height:auto\" srcset=\"https:\/\/kirroyal-gernsheim.de\/wp-content\/uploads\/2024\/07\/KR-Logo_auf_weiss_9_Aug_2022-6cmt.jpg 709w, https:\/\/kirroyal-gernsheim.de\/wp-content\/uploads\/2024\/07\/KR-Logo_auf_weiss_9_Aug_2022-6cmt-300x220.jpg 300w\" sizes=\"auto, (max-width: 709px) 100vw, 709px\" \/><\/figure>\n<\/div>\n\n\n<p class=\"has-drop-cap\" style=\"font-size:15px\"><strong>KirRoyal<\/strong> wurde im April 2002 von f\u00fcnfzehn begeisterten S\u00e4ngerinnen und S\u00e4ngern als junger Chor der katholischen Pfarrgemeinde Gernsheim gegr\u00fcndet. Der Chor hat zurzeit ca. 50 Mitglieder. Alle, die Spa\u00df am Chorgesang haben, sind herzlich zu unseren Proben eingeladen. Vorkenntnisse sind nicht unbedingt erforderlich.<\/p>\n\n\n\n<p style=\"font-size:15px\">Wir singen neben Gospels und Spirituals auch Evergreens, Oldies, moderne Unterhaltungsmusik sowie geistliche Literatur. Der Chor tritt auf bei kirchlichen und weltlichen Veranstaltungen wie z. B. Gottesdiensten, Hochzeiten, Liederabenden und Konzerten etc.. In regelm\u00e4\u00dfigen Abst\u00e4nden geben wir auch eigene Konzerte in Gernsheim.<\/p>\n\n\n<div class=\"wp-block-image is-style-default\">\n<figure data-wp-context=\"{&quot;imageId&quot;:&quot;69f5acec41dd8&quot;}\" data-wp-interactive=\"core\/image\" data-wp-key=\"69f5acec41dd8\" class=\"aligncenter size-full is-resized wp-lightbox-container\"><img loading=\"lazy\" decoding=\"async\" width=\"548\" height=\"722\" data-wp-class--hide=\"state.isContentHidden\" data-wp-class--show=\"state.isContentVisible\" data-wp-init=\"callbacks.setButtonStyles\" data-wp-on--click=\"actions.showLightbox\" data-wp-on--load=\"callbacks.setButtonStyles\" data-wp-on-window--resize=\"callbacks.setButtonStyles\" src=\"https:\/\/kirroyal-gernsheim.de\/wp-content\/uploads\/2024\/07\/sigrid-web.jpg\" alt=\"Chorleiterin Sigrid Fell\" class=\"wp-image-1558\" style=\"aspect-ratio:3\/4;object-fit:contain;width:206px;height:auto\" srcset=\"https:\/\/kirroyal-gernsheim.de\/wp-content\/uploads\/2024\/07\/sigrid-web.jpg 548w, https:\/\/kirroyal-gernsheim.de\/wp-content\/uploads\/2024\/07\/sigrid-web-228x300.jpg 228w\" sizes=\"auto, (max-width: 548px) 100vw, 548px\" \/><button\n\t\t\tclass=\"lightbox-trigger\"\n\t\t\ttype=\"button\"\n\t\t\taria-haspopup=\"dialog\"\n\t\t\taria-label=\"Vergr\u00f6\u00dfern\"\n\t\t\tdata-wp-init=\"callbacks.initTriggerButton\"\n\t\t\tdata-wp-on--click=\"actions.showLightbox\"\n\t\t\tdata-wp-style--right=\"state.imageButtonRight\"\n\t\t\tdata-wp-style--top=\"state.imageButtonTop\"\n\t\t>\n\t\t\t<svg xmlns=\"http:\/\/www.w3.org\/2000\/svg\" width=\"12\" height=\"12\" fill=\"none\" viewBox=\"0 0 12 12\">\n\t\t\t\t<path fill=\"#fff\" d=\"M2 0a2 2 0 0 0-2 2v2h1.5V2a.5.5 0 0 1 .5-.5h2V0H2Zm2 10.5H2a.5.5 0 0 1-.5-.5V8H0v2a2 2 0 0 0 2 2h2v-1.5ZM8 12v-1.5h2a.5.5 0 0 0 .5-.5V8H12v2a2 2 0 0 1-2 2H8Zm2-12a2 2 0 0 1 2 2v2h-1.5V2a.5.5 0 0 0-.5-.5H8V0h2Z\" \/>\n\t\t\t<\/svg>\n\t\t<\/button><figcaption class=\"wp-element-caption\"><em>Chorleiterin Sigrid Fell<\/em><\/figcaption><\/figure>\n<\/div>\n\n\n<p class=\"has-text-align-center has-black-color has-white-background-color has-text-color has-background\" style=\"font-size:12px\">Mit der Gr\u00fcndung des Chores hat Sigrid Fell die musikalische Leitung \u00fcbernommen. <br>Sie ist Lehrerin und ausgebildete Kirchenmusikerin und bereits seit 1989 als Chorleiterin t\u00e4tig<\/p>\n\n\n\n<p class=\"has-text-align-center has-white-background-color has-text-color has-background\" style=\"color:#a00050;font-size:17px\"><strong><a href=\"http:\/\/wordpress.kirroyal-gernsheim.de\/?page_id=153\" data-type=\"page\" data-id=\"153\">Kontakt<\/a><\/strong><\/p>\n\n\n\n<p><\/p>\n\n\n\n<p class=\"has-text-align-center has-text-color\" style=\"color:#a10750;font-size:17px\"><strong><a href=\"http:\/\/wordpress.kirroyal-gernsheim.de\/\" data-type=\"page\" data-id=\"7\">Home<\/a><\/strong><\/p>\n\n\n\n<p class=\"has-text-align-center\"><\/p>\n","protected":false},"excerpt":{"rendered":"<p>KirRoyal wurde im April 2002 von f\u00fcnfzehn begeisterten S\u00e4ngerinnen und S\u00e4ngern als junger Chor der katholischen Pfarrgemeinde Gernsheim gegr\u00fcndet. Der Chor hat zurzeit ca. 50 Mitglieder. Alle, die Spa\u00df am Chorgesang haben, sind herzlich zu unseren Proben eingeladen. Vorkenntnisse sind&hellip; <\/p>\n","protected":false},"author":1,"featured_media":0,"parent":7,"menu_order":10,"comment_status":"closed","ping_status":"closed","template":"","meta":{"footnotes":""},"class_list":["post-30","page","type-page","status-publish","hentry"],"_links":{"self":[{"href":"https:\/\/kirroyal-gernsheim.de\/index.php?rest_route=\/wp\/v2\/pages\/30","targetHints":{"allow":["GET"]}}],"collection":[{"href":"https:\/\/kirroyal-gernsheim.de\/index.php?rest_route=\/wp\/v2\/pages"}],"about":[{"href":"https:\/\/kirroyal-gernsheim.de\/index.php?rest_route=\/wp\/v2\/types\/page"}],"author":[{"embeddable":true,"href":"https:\/\/kirroyal-gernsheim.de\/index.php?rest_route=\/wp\/v2\/users\/1"}],"replies":[{"embeddable":true,"href":"https:\/\/kirroyal-gernsheim.de\/index.php?rest_route=%2Fwp%2Fv2%2Fcomments&post=30"}],"version-history":[{"count":126,"href":"https:\/\/kirroyal-gernsheim.de\/index.php?rest_route=\/wp\/v2\/pages\/30\/revisions"}],"predecessor-version":[{"id":1568,"href":"https:\/\/kirroyal-gernsheim.de\/index.php?rest_route=\/wp\/v2\/pages\/30\/revisions\/1568"}],"up":[{"embeddable":true,"href":"https:\/\/kirroyal-gernsheim.de\/index.php?rest_route=\/wp\/v2\/pages\/7"}],"wp:attachment":[{"href":"https:\/\/kirroyal-gernsheim.de\/index.php?rest_route=%2Fwp%2Fv2%2Fmedia&parent=30"}],"curies":[{"name":"wp","href":"https:\/\/api.w.org\/{rel}","templated":true}]}}

<div class="wp-block-image is-style-default">
<figure class="alignright size-full is-resized"><img loading="lazy" decoding="async" width="709" height="519" src="https://kirroyal-gernsheim.de/wp-content/uploads/2024/07/KR-Logo_auf_weiss_9_Aug_2022-6cmt.jpg" alt="" class="wp-image-1554" style="width:357px;height:auto" srcset="https://kirroyal-gernsheim.de/wp-content/uploads/2024/07/KR-Logo_auf_weiss_9_Aug_2022-6cmt.jpg 709w, https://kirroyal-gernsheim.de/wp-content/uploads/2024/07/KR-Logo_auf_weiss_9_Aug_2022-6cmt-300x220.jpg 300w" sizes="auto, (max-width: 709px) 100vw, 709px" /></figure>
</div>


<p class="has-drop-cap" style="font-size:15px"><strong>KirRoyal</strong> wurde im April 2002 von fünfzehn begeisterten Sängerinnen und Sängern als junger Chor der katholischen Pfarrgemeinde Gernsheim gegründet. Der Chor hat zurzeit ca. 50 Mitglieder. Alle, die Spaß am Chorgesang haben, sind herzlich zu unseren Proben eingeladen. Vorkenntnisse sind nicht unbedingt erforderlich.</p>



<p style="font-size:15px">Wir singen neben Gospels und Spirituals auch Evergreens, Oldies, moderne Unterhaltungsmusik sowie geistliche Literatur. Der Chor tritt auf bei kirchlichen und weltlichen Veranstaltungen wie z. B. Gottesdiensten, Hochzeiten, Liederabenden und Konzerten etc.. In regelmäßigen Abständen geben wir auch eigene Konzerte in Gernsheim.</p>


<div class="wp-block-image is-style-default">
<figure data-wp-context="{&quot;imageId&quot;:&quot;69f5acec41dd8&quot;}" data-wp-interactive="core/image" data-wp-key="69f5acec41dd8" class="aligncenter size-full is-resized wp-lightbox-container"><img loading="lazy" decoding="async" width="548" height="722" data-wp-class--hide="state.isContentHidden" data-wp-class--show="state.isContentVisible" data-wp-init="callbacks.setButtonStyles" data-wp-on--click="actions.showLightbox" data-wp-on--load="callbacks.setButtonStyles" data-wp-on-window--resize="callbacks.setButtonStyles" src="https://kirroyal-gernsheim.de/wp-content/uploads/2024/07/sigrid-web.jpg" alt="Chorleiterin Sigrid Fell" class="wp-image-1558" style="aspect-ratio:3/4;object-fit:contain;width:206px;height:auto" srcset="https://kirroyal-gernsheim.de/wp-content/uploads/2024/07/sigrid-web.jpg 548w, https://kirroyal-gernsheim.de/wp-content/uploads/2024/07/sigrid-web-228x300.jpg 228w" sizes="auto, (max-width: 548px) 100vw, 548px" /><button
			class="lightbox-trigger"
			type="button"
			aria-haspopup="dialog"
			aria-label="Vergrößern"
			data-wp-init="callbacks.initTriggerButton"
			data-wp-on--click="actions.showLightbox"
			data-wp-style--right="state.imageButtonRight"
			data-wp-style--top="state.imageButtonTop"
		>
			<svg xmlns="http://www.w3.org/2000/svg" width="12" height="12" fill="none" viewBox="0 0 12 12">
				<path fill="#fff" d="M2 0a2 2 0 0 0-2 2v2h1.5V2a.5.5 0 0 1 .5-.5h2V0H2Zm2 10.5H2a.5.5 0 0 1-.5-.5V8H0v2a2 2 0 0 0 2 2h2v-1.5ZM8 12v-1.5h2a.5.5 0 0 0 .5-.5V8H12v2a2 2 0 0 1-2 2H8Zm2-12a2 2 0 0 1 2 2v2h-1.5V2a.5.5 0 0 0-.5-.5H8V0h2Z" />
			</svg>
		</button><figcaption class="wp-element-caption"><em>Chorleiterin Sigrid Fell</em></figcaption></figure>
</div>


<p class="has-text-align-center has-black-color has-white-background-color has-text-color has-background" style="font-size:12px">Mit der Gründung des Chores hat Sigrid Fell die musikalische Leitung übernommen. <br>Sie ist Lehrerin und ausgebildete Kirchenmusikerin und bereits seit 1989 als Chorleiterin tätig</p>



<p class="has-text-align-center has-white-background-color has-text-color has-background" style="color:#a00050;font-size:17px"><strong><a href="http://wordpress.kirroyal-gernsheim.de/?page_id=153" data-type="page" data-id="153">Kontakt</a></strong></p>



<p></p>



<p class="has-text-align-center has-text-color" style="color:#a10750;font-size:17px"><strong><a href="http://wordpress.kirroyal-gernsheim.de/" data-type="page" data-id="7">Home</a></strong></p>



<p class="has-text-align-center"></p>

<p>KirRoyal wurde im April 2002 von fünfzehn begeisterten Sängerinnen und Sängern als junger Chor der katholischen Pfarrgemeinde Gernsheim gegründet. Der Chor hat zurzeit ca. 50 Mitglieder. Alle, die Spaß am Chorgesang haben, sind herzlich zu unseren Proben eingeladen. Vorkenntnisse sind&hellip; </p>
